{"id":2683,"date":"2025-12-11T13:33:21","date_gmt":"2025-12-11T12:33:21","guid":{"rendered":"https:\/\/avantis.world\/?page_id=2683"},"modified":"2025-12-25T15:21:53","modified_gmt":"2025-12-25T14:21:53","slug":"scenarios-humoristiques-decales","status":"publish","type":"page","link":"https:\/\/avantis.world\/index.php\/aides-de-jeu\/scenarios-de-la-communaute\/scenarios-humoristiques-decales\/","title":{"rendered":"Humoristiques \/ D\u00e9cal\u00e9s"},"content":{"rendered":"\t\t<div data-elementor-type=\"wp-page\" data-elementor-id=\"2683\" class=\"elementor elementor-2683\">\n\t\t\t\t<div class=\"elementor-element elementor-element-7a384a82 e-flex e-con-boxed e-con e-parent\" data-id=\"7a384a82\" data-element_type=\"container\" data-e-type=\"container\">\n\t\t\t\t\t<div class=\"e-con-inner\">\n\t\t<div class=\"elementor-element elementor-element-2b6036d3 e-con-full e-flex e-con e-child\" data-id=\"2b6036d3\" data-element_type=\"container\" data-e-type=\"container\">\n\t\t\t\t<div class=\"elementor-element elementor-element-3790c6c6 elementor-widget elementor-widget-heading\" data-id=\"3790c6c6\" data-element_type=\"widget\" data-e-type=\"widget\" data-widget_type=\"heading.default\">\n\t\t\t\t<div class=\"elementor-widget-container\">\n\t\t\t\t\t<h2 class=\"elementor-heading-title elementor-size-default\">La Sc\u00e9narioth\u00e8que d'Avantis<\/h2>\t\t\t\t<\/div>\n\t\t\t\t<\/div>\n\t\t<div class=\"elementor-element elementor-element-7c807e8 e-con-full e-flex e-con e-child\" data-id=\"7c807e8\" data-element_type=\"container\" data-e-type=\"container\">\n\t\t\t\t<div class=\"elementor-element elementor-element-cd275a8 elementor-widget elementor-widget-text-editor\" data-id=\"cd275a8\" data-element_type=\"widget\" data-e-type=\"widget\" data-widget_type=\"text-editor.default\">\n\t\t\t\t<div class=\"elementor-widget-container\">\n\t\t\t\t\t\t\t\t\t<table dir=\"ltr\" cellspacing=\"0\" cellpadding=\"0\" data-sheets-root=\"1\" data-sheets-baot=\"1\"><colgroup><col width=\"196\" \/><col width=\"1277\" \/><\/colgroup><tbody><tr><td colspan=\"2\" rowspan=\"1\">SC\u00c9NARIO Humoristique \/ D\u00e9cal\u00e9<\/td><\/tr><tr><td colspan=\"2\" rowspan=\"1\">Les h\u00e9ros sont plong\u00e9s dans un sc\u00e9nario d\u00e9cal\u00e9 et humoristique.<\/td><\/tr><\/tbody><\/table>\t\t\t\t\t\t\t\t<\/div>\n\t\t\t\t<\/div>\n\t\t\t\t<\/div>\n\t\t\t\t<\/div>\n\t\t\t\t\t<\/div>\n\t\t\t\t<\/div>\n\t\t<div class=\"elementor-element elementor-element-683514d5 e-flex e-con-boxed e-con e-parent\" data-id=\"683514d5\" data-element_type=\"container\" data-e-type=\"container\">\n\t\t\t\t\t<div class=\"e-con-inner\">\n\t\t<div class=\"elementor-element elementor-element-30c564af e-con-full e-flex e-con e-child\" data-id=\"30c564af\" data-element_type=\"container\" data-e-type=\"container\">\n\t\t\t\t<div class=\"elementor-element elementor-element-7b42d94f elementor-widget elementor-widget-wp-widget-nav_menu\" data-id=\"7b42d94f\" data-element_type=\"widget\" data-e-type=\"widget\" data-widget_type=\"wp-widget-nav_menu.default\">\n\t\t\t\t<div class=\"elementor-widget-container\">\n\t\t\t\t\t<div class=\"menu-scenarios-container\"><ul id=\"menu-scenarios\" class=\"menu\"><li id=\"menu-item-2695\" class=\"menu-item menu-item-type-post_type menu-item-object-page menu-item-2695\"><a href=\"https:\/\/avantis.world\/index.php\/aides-de-jeu\/scenarios-de-la-communaute\/scenarios-historiques\/\">Historiques<\/a><\/li>\n<li id=\"menu-item-2696\" class=\"menu-item menu-item-type-post_type menu-item-object-page menu-item-2696\"><a href=\"https:\/\/avantis.world\/index.php\/aides-de-jeu\/scenarios-de-la-communaute\/scenarios-humoristiques-decales\/\">Humoristiques \/ D\u00e9cal\u00e9s<\/a><\/li>\n<li id=\"menu-item-2697\" class=\"menu-item menu-item-type-post_type menu-item-object-page menu-item-2697\"><a href=\"https:\/\/avantis.world\/index.php\/aides-de-jeu\/scenarios-de-la-communaute\/scenarios-evasion-escape-game\/\">\u00c9vasions \/ Escape Games<\/a><\/li>\n<li id=\"menu-item-2698\" class=\"menu-item menu-item-type-post_type menu-item-object-page menu-item-2698\"><a href=\"https:\/\/avantis.world\/index.php\/aides-de-jeu\/scenarios-de-la-communaute\/scenarios-horreur-surnaturel\/\">Horreurs \/ Surnaturels<\/a><\/li>\n<li id=\"menu-item-2699\" class=\"menu-item menu-item-type-post_type menu-item-object-page menu-item-2699\"><a href=\"https:\/\/avantis.world\/index.php\/aides-de-jeu\/scenarios-de-la-communaute\/scenarios-intrigue-politique-diplomatie\/\">Intrigues politiques \/ Diplomaties<\/a><\/li>\n<li id=\"menu-item-2700\" class=\"menu-item menu-item-type-post_type menu-item-object-page menu-item-2700\"><a href=\"https:\/\/avantis.world\/index.php\/aides-de-jeu\/scenarios-de-la-communaute\/scenarios-conflit-combat\/\">Conflits \/ Combats<\/a><\/li>\n<li id=\"menu-item-2701\" class=\"menu-item menu-item-type-post_type menu-item-object-page menu-item-2701\"><a href=\"https:\/\/avantis.world\/index.php\/aides-de-jeu\/scenarios-de-la-communaute\/scenarios-survie\/\">Survies<\/a><\/li>\n<li id=\"menu-item-2702\" class=\"menu-item menu-item-type-post_type menu-item-object-page menu-item-2702\"><a href=\"https:\/\/avantis.world\/index.php\/aides-de-jeu\/scenarios-de-la-communaute\/scenarios\/\">Explorations \/ Aventures<\/a><\/li>\n<\/ul><\/div>\t\t\t\t<\/div>\n\t\t\t\t<\/div>\n\t\t\t\t<\/div>\n\t\t<div class=\"elementor-element elementor-element-6b3643df e-con-full e-flex e-con e-child\" data-id=\"6b3643df\" data-element_type=\"container\" data-e-type=\"container\">\n\t\t\t\t<div class=\"elementor-element elementor-element-2e592b elementor-widget elementor-widget-heading\" data-id=\"2e592b\" data-element_type=\"widget\" data-e-type=\"widget\" data-widget_type=\"heading.default\">\n\t\t\t\t<div class=\"elementor-widget-container\">\n\t\t\t\t\t<h2 class=\"elementor-heading-title elementor-size-default\">Un pour tous et tous bourrins<\/h2>\t\t\t\t<\/div>\n\t\t\t\t<\/div>\n\t\t\t\t<div class=\"elementor-element elementor-element-f4f0664 elementor-widget elementor-widget-rating\" data-id=\"f4f0664\" data-element_type=\"widget\" data-e-type=\"widget\" data-widget_type=\"rating.default\">\n\t\t\t\t<div class=\"elementor-widget-container\">\n\t\t\t\t\t\t\t<div class=\"e-rating\" itemtype=\"https:\/\/schema.org\/Rating\" itemscope=\"\" itemprop=\"reviewRating\">\n\t\t\t<meta itemprop=\"worstRating\" content=\"0\">\n\t\t\t<meta itemprop=\"bestRating\" content=\"5\">\n\t\t\t<div class=\"e-rating-wrapper\" itemprop=\"ratingValue\" content=\"5\" role=\"img\" aria-label=\"Not\u00e9 5 sur 5\">\n\t\t\t\t\t\t\t<div class=\"e-icon\">\n\t\t\t\t<div class=\"e-icon-wrapper e-icon-marked\">\n\t\t\t\t\t<svg aria-hidden=\"true\" class=\"e-font-icon-svg e-eicon-star\" viewBox=\"0 0 1000 1000\" xmlns=\"http:\/\/www.w3.org\/2000\/svg\"><path d=\"M450 75L338 312 88 350C46 354 25 417 58 450L238 633 196 896C188 942 238 975 275 954L500 837 725 954C767 975 813 942 804 896L763 633 942 450C975 417 954 358 913 350L663 312 550 75C529 33 471 33 450 75Z\"><\/path><\/svg>\t\t\t\t<\/div>\n\t\t\t\t<div class=\"e-icon-wrapper e-icon-unmarked\">\n\t\t\t\t\t<svg aria-hidden=\"true\" class=\"e-font-icon-svg e-eicon-star\" viewBox=\"0 0 1000 1000\" xmlns=\"http:\/\/www.w3.org\/2000\/svg\"><path d=\"M450 75L338 312 88 350C46 354 25 417 58 450L238 633 196 896C188 942 238 975 275 954L500 837 725 954C767 975 813 942 804 896L763 633 942 450C975 417 954 358 913 350L663 312 550 75C529 33 471 33 450 75Z\"><\/path><\/svg>\t\t\t\t<\/div>\n\t\t\t<\/div>\n\t\t\t\t\t\t<div class=\"e-icon\">\n\t\t\t\t<div class=\"e-icon-wrapper e-icon-marked\">\n\t\t\t\t\t<svg aria-hidden=\"true\" class=\"e-font-icon-svg e-eicon-star\" viewBox=\"0 0 1000 1000\" xmlns=\"http:\/\/www.w3.org\/2000\/svg\"><path d=\"M450 75L338 312 88 350C46 354 25 417 58 450L238 633 196 896C188 942 238 975 275 954L500 837 725 954C767 975 813 942 804 896L763 633 942 450C975 417 954 358 913 350L663 312 550 75C529 33 471 33 450 75Z\"><\/path><\/svg>\t\t\t\t<\/div>\n\t\t\t\t<div class=\"e-icon-wrapper e-icon-unmarked\">\n\t\t\t\t\t<svg aria-hidden=\"true\" class=\"e-font-icon-svg e-eicon-star\" viewBox=\"0 0 1000 1000\" xmlns=\"http:\/\/www.w3.org\/2000\/svg\"><path d=\"M450 75L338 312 88 350C46 354 25 417 58 450L238 633 196 896C188 942 238 975 275 954L500 837 725 954C767 975 813 942 804 896L763 633 942 450C975 417 954 358 913 350L663 312 550 75C529 33 471 33 450 75Z\"><\/path><\/svg>\t\t\t\t<\/div>\n\t\t\t<\/div>\n\t\t\t\t\t\t<div class=\"e-icon\">\n\t\t\t\t<div class=\"e-icon-wrapper e-icon-marked\">\n\t\t\t\t\t<svg aria-hidden=\"true\" class=\"e-font-icon-svg e-eicon-star\" viewBox=\"0 0 1000 1000\" xmlns=\"http:\/\/www.w3.org\/2000\/svg\"><path d=\"M450 75L338 312 88 350C46 354 25 417 58 450L238 633 196 896C188 942 238 975 275 954L500 837 725 954C767 975 813 942 804 896L763 633 942 450C975 417 954 358 913 350L663 312 550 75C529 33 471 33 450 75Z\"><\/path><\/svg>\t\t\t\t<\/div>\n\t\t\t\t<div class=\"e-icon-wrapper e-icon-unmarked\">\n\t\t\t\t\t<svg aria-hidden=\"true\" class=\"e-font-icon-svg e-eicon-star\" viewBox=\"0 0 1000 1000\" xmlns=\"http:\/\/www.w3.org\/2000\/svg\"><path d=\"M450 75L338 312 88 350C46 354 25 417 58 450L238 633 196 896C188 942 238 975 275 954L500 837 725 954C767 975 813 942 804 896L763 633 942 450C975 417 954 358 913 350L663 312 550 75C529 33 471 33 450 75Z\"><\/path><\/svg>\t\t\t\t<\/div>\n\t\t\t<\/div>\n\t\t\t\t\t\t<div class=\"e-icon\">\n\t\t\t\t<div class=\"e-icon-wrapper e-icon-marked\">\n\t\t\t\t\t<svg aria-hidden=\"true\" class=\"e-font-icon-svg e-eicon-star\" viewBox=\"0 0 1000 1000\" xmlns=\"http:\/\/www.w3.org\/2000\/svg\"><path d=\"M450 75L338 312 88 350C46 354 25 417 58 450L238 633 196 896C188 942 238 975 275 954L500 837 725 954C767 975 813 942 804 896L763 633 942 450C975 417 954 358 913 350L663 312 550 75C529 33 471 33 450 75Z\"><\/path><\/svg>\t\t\t\t<\/div>\n\t\t\t\t<div class=\"e-icon-wrapper e-icon-unmarked\">\n\t\t\t\t\t<svg aria-hidden=\"true\" class=\"e-font-icon-svg e-eicon-star\" viewBox=\"0 0 1000 1000\" xmlns=\"http:\/\/www.w3.org\/2000\/svg\"><path d=\"M450 75L338 312 88 350C46 354 25 417 58 450L238 633 196 896C188 942 238 975 275 954L500 837 725 954C767 975 813 942 804 896L763 633 942 450C975 417 954 358 913 350L663 312 550 75C529 33 471 33 450 75Z\"><\/path><\/svg>\t\t\t\t<\/div>\n\t\t\t<\/div>\n\t\t\t\t\t\t<div class=\"e-icon\">\n\t\t\t\t<div class=\"e-icon-wrapper e-icon-marked\">\n\t\t\t\t\t<svg aria-hidden=\"true\" class=\"e-font-icon-svg e-eicon-star\" viewBox=\"0 0 1000 1000\" xmlns=\"http:\/\/www.w3.org\/2000\/svg\"><path d=\"M450 75L338 312 88 350C46 354 25 417 58 450L238 633 196 896C188 942 238 975 275 954L500 837 725 954C767 975 813 942 804 896L763 633 942 450C975 417 954 358 913 350L663 312 550 75C529 33 471 33 450 75Z\"><\/path><\/svg>\t\t\t\t<\/div>\n\t\t\t\t<div class=\"e-icon-wrapper e-icon-unmarked\">\n\t\t\t\t\t<svg aria-hidden=\"true\" class=\"e-font-icon-svg e-eicon-star\" viewBox=\"0 0 1000 1000\" xmlns=\"http:\/\/www.w3.org\/2000\/svg\"><path d=\"M450 75L338 312 88 350C46 354 25 417 58 450L238 633 196 896C188 942 238 975 275 954L500 837 725 954C767 975 813 942 804 896L763 633 942 450C975 417 954 358 913 350L663 312 550 75C529 33 471 33 450 75Z\"><\/path><\/svg>\t\t\t\t<\/div>\n\t\t\t<\/div>\n\t\t\t\t\t\t<\/div>\n\t\t<\/div>\n\t\t\t\t\t\t<\/div>\n\t\t\t\t<\/div>\n\t\t\t\t<div class=\"elementor-element elementor-element-6d216752 elementor-widget elementor-widget-text-editor\" data-id=\"6d216752\" data-element_type=\"widget\" data-e-type=\"widget\" data-widget_type=\"text-editor.default\">\n\t\t\t\t<div class=\"elementor-widget-container\">\n\t\t\t\t\t\t\t\t\t<table dir=\"ltr\" cellspacing=\"0\" cellpadding=\"0\" data-sheets-root=\"1\" data-sheets-baot=\"1\"><colgroup> <col width=\"1277\" \/><\/colgroup><tbody><tr><td>Nbre de joueurs : 3 \u00e0 5 | Dur\u00e9e : 2 heures | Avec pr\u00e9-tir\u00e9s inclus | <a href=\"https:\/\/avantis.world\/wp-content\/uploads\/2025\/12\/Scenario_Un-pour-tous-et-tous-bourrins.pdf\">T\u00e9l\u00e9charger le PDF<\/a> &#8211; T\u00e9l\u00e9charger le Dossier complet<\/td><\/tr><tr><td>Un pour tous et tous bourrin est un sc\u00e9nario humoristique sur la piraterie dans l\u2019univers d\u2019Avantis.World. Un sc\u00e9nario l\u00e9ger, chaotique et rempli de moments comiques. Les h\u00e9ros se retrouvent dans une situation improbable mais qui leur permet de r\u00e9cup\u00e9rer beaucoup d\u2019or s\u2019ils la jouent fine, ou pas\u2026<\/td><\/tr><\/tbody><\/table>\t\t\t\t\t\t\t\t<\/div>\n\t\t\t\t<\/div>\n\t\t\t\t<\/div>\n\t\t\t\t\t<\/div>\n\t\t\t\t<\/div>\n\t\t\t\t<\/div>\n\t\t","protected":false},"excerpt":{"rendered":"<p>La Sc\u00e9narioth\u00e8que d&rsquo;Avantis SC\u00c9NARIO Humoristique \/ D\u00e9cal\u00e9 Les h\u00e9ros sont plong\u00e9s dans un sc\u00e9nario d\u00e9cal\u00e9 et humoristique. Un pour tous et tous bourrins Nbre de joueurs : 3 \u00e0 5 | Dur\u00e9e : 2 heures | Avec pr\u00e9-tir\u00e9s inclus | T\u00e9l\u00e9charger le PDF &#8211; T\u00e9l\u00e9charger le Dossier complet Un pour tous et tous bourrin est [&hellip;]<\/p>\n","protected":false},"author":1,"featured_media":0,"parent":91,"menu_order":0,"comment_status":"closed","ping_status":"closed","template":"","meta":{"ocean_post_layout":"","ocean_both_sidebars_style":"","ocean_both_sidebars_content_width":0,"ocean_both_sidebars_sidebars_width":0,"ocean_sidebar":"","ocean_second_sidebar":"","ocean_disable_margins":"enable","ocean_add_body_class":"","ocean_shortcode_before_top_bar":"","ocean_shortcode_after_top_bar":"","ocean_shortcode_before_header":"","ocean_shortcode_after_header":"","ocean_has_shortcode":"","ocean_shortcode_after_title":"","ocean_shortcode_before_footer_widgets":"","ocean_shortcode_after_footer_widgets":"","ocean_shortcode_before_footer_bottom":"","ocean_shortcode_after_footer_bottom":"","ocean_display_top_bar":"default","ocean_display_header":"default","ocean_header_style":"","ocean_center_header_left_menu":"","ocean_custom_header_template":"","ocean_custom_logo":0,"ocean_custom_retina_logo":0,"ocean_custom_logo_max_width":0,"ocean_custom_logo_tablet_max_width":0,"ocean_custom_logo_mobile_max_width":0,"ocean_custom_logo_max_height":0,"ocean_custom_logo_tablet_max_height":0,"ocean_custom_logo_mobile_max_height":0,"ocean_header_custom_menu":"","ocean_menu_typo_font_family":"","ocean_menu_typo_font_subset":"","ocean_menu_typo_font_size":0,"ocean_menu_typo_font_size_tablet":0,"ocean_menu_typo_font_size_mobile":0,"ocean_menu_typo_font_size_unit":"px","ocean_menu_typo_font_weight":"","ocean_menu_typo_font_weight_tablet":"","ocean_menu_typo_font_weight_mobile":"","ocean_menu_typo_transform":"","ocean_menu_typo_transform_tablet":"","ocean_menu_typo_transform_mobile":"","ocean_menu_typo_line_height":0,"ocean_menu_typo_line_height_tablet":0,"ocean_menu_typo_line_height_mobile":0,"ocean_menu_typo_line_height_unit":"","ocean_menu_typo_spacing":0,"ocean_menu_typo_spacing_tablet":0,"ocean_menu_typo_spacing_mobile":0,"ocean_menu_typo_spacing_unit":"","ocean_menu_link_color":"","ocean_menu_link_color_hover":"","ocean_menu_link_color_active":"","ocean_menu_link_background":"","ocean_menu_link_hover_background":"","ocean_menu_link_active_background":"","ocean_menu_social_links_bg":"","ocean_menu_social_hover_links_bg":"","ocean_menu_social_links_color":"","ocean_menu_social_hover_links_color":"","ocean_disable_title":"default","ocean_disable_heading":"default","ocean_post_title":"","ocean_post_subheading":"","ocean_post_title_style":"","ocean_post_title_background_color":"","ocean_post_title_background":0,"ocean_post_title_bg_image_position":"","ocean_post_title_bg_image_attachment":"","ocean_post_title_bg_image_repeat":"","ocean_post_title_bg_image_size":"","ocean_post_title_height":0,"ocean_post_title_bg_overlay":0.5,"ocean_post_title_bg_overlay_color":"","ocean_disable_breadcrumbs":"default","ocean_breadcrumbs_color":"","ocean_breadcrumbs_separator_color":"","ocean_breadcrumbs_links_color":"","ocean_breadcrumbs_links_hover_color":"","ocean_display_footer_widgets":"default","ocean_display_footer_bottom":"default","ocean_custom_footer_template":"","footnotes":""},"class_list":["post-2683","page","type-page","status-publish","hentry","entry"],"yoast_head":"<!-- This site is optimized with the Yoast SEO plugin v27.5 - https:\/\/yoast.com\/product\/yoast-seo-wordpress\/ -->\n<title>Humoristiques \/ D\u00e9cal\u00e9s -<\/title>\n<meta name=\"robots\" content=\"index, follow, max-snippet:-1, max-image-preview:large, max-video-preview:-1\" \/>\n<link rel=\"canonical\" href=\"https:\/\/avantis.world\/index.php\/aides-de-jeu\/scenarios-de-la-communaute\/scenarios-humoristiques-decales\/\" \/>\n<meta property=\"og:locale\" content=\"fr_FR\" \/>\n<meta property=\"og:type\" content=\"article\" \/>\n<meta property=\"og:title\" content=\"Humoristiques \/ D\u00e9cal\u00e9s -\" \/>\n<meta property=\"og:description\" content=\"La Sc\u00e9narioth\u00e8que d&rsquo;Avantis SC\u00c9NARIO Humoristique \/ D\u00e9cal\u00e9 Les h\u00e9ros sont plong\u00e9s dans un sc\u00e9nario d\u00e9cal\u00e9 et humoristique. Un pour tous et tous bourrins Nbre de joueurs : 3 \u00e0 5 | Dur\u00e9e : 2 heures | Avec pr\u00e9-tir\u00e9s inclus | T\u00e9l\u00e9charger le PDF &#8211; T\u00e9l\u00e9charger le Dossier complet Un pour tous et tous bourrin est [&hellip;]\" \/>\n<meta property=\"og:url\" content=\"https:\/\/avantis.world\/index.php\/aides-de-jeu\/scenarios-de-la-communaute\/scenarios-humoristiques-decales\/\" \/>\n<meta property=\"article:modified_time\" content=\"2025-12-25T14:21:53+00:00\" \/>\n<meta name=\"twitter:card\" content=\"summary_large_image\" \/>\n<meta name=\"twitter:label1\" content=\"Dur\u00e9e de lecture estim\u00e9e\" \/>\n\t<meta name=\"twitter:data1\" content=\"1 minute\" \/>\n<script type=\"application\/ld+json\" class=\"yoast-schema-graph\">{\"@context\":\"https:\\\/\\\/schema.org\",\"@graph\":[{\"@type\":\"WebPage\",\"@id\":\"https:\\\/\\\/avantis.world\\\/index.php\\\/aides-de-jeu\\\/scenarios-de-la-communaute\\\/scenarios-humoristiques-decales\\\/\",\"url\":\"https:\\\/\\\/avantis.world\\\/index.php\\\/aides-de-jeu\\\/scenarios-de-la-communaute\\\/scenarios-humoristiques-decales\\\/\",\"name\":\"Humoristiques \\\/ D\u00e9cal\u00e9s -\",\"isPartOf\":{\"@id\":\"https:\\\/\\\/avantis.world\\\/#website\"},\"datePublished\":\"2025-12-11T12:33:21+00:00\",\"dateModified\":\"2025-12-25T14:21:53+00:00\",\"breadcrumb\":{\"@id\":\"https:\\\/\\\/avantis.world\\\/index.php\\\/aides-de-jeu\\\/scenarios-de-la-communaute\\\/scenarios-humoristiques-decales\\\/#breadcrumb\"},\"inLanguage\":\"fr-FR\",\"potentialAction\":[{\"@type\":\"ReadAction\",\"target\":[\"https:\\\/\\\/avantis.world\\\/index.php\\\/aides-de-jeu\\\/scenarios-de-la-communaute\\\/scenarios-humoristiques-decales\\\/\"]}]},{\"@type\":\"BreadcrumbList\",\"@id\":\"https:\\\/\\\/avantis.world\\\/index.php\\\/aides-de-jeu\\\/scenarios-de-la-communaute\\\/scenarios-humoristiques-decales\\\/#breadcrumb\",\"itemListElement\":[{\"@type\":\"ListItem\",\"position\":1,\"name\":\"Accueil\",\"item\":\"https:\\\/\\\/avantis.world\\\/\"},{\"@type\":\"ListItem\",\"position\":2,\"name\":\"Aides de jeu\",\"item\":\"https:\\\/\\\/avantis.world\\\/index.php\\\/aides-de-jeu\\\/\"},{\"@type\":\"ListItem\",\"position\":3,\"name\":\"Sc\u00e9narios de la communaut\u00e9\",\"item\":\"https:\\\/\\\/avantis.world\\\/index.php\\\/aides-de-jeu\\\/scenarios-de-la-communaute\\\/\"},{\"@type\":\"ListItem\",\"position\":4,\"name\":\"Humoristiques \\\/ D\u00e9cal\u00e9s\"}]},{\"@type\":\"WebSite\",\"@id\":\"https:\\\/\\\/avantis.world\\\/#website\",\"url\":\"https:\\\/\\\/avantis.world\\\/\",\"name\":\"\",\"description\":\"\",\"potentialAction\":[{\"@type\":\"SearchAction\",\"target\":{\"@type\":\"EntryPoint\",\"urlTemplate\":\"https:\\\/\\\/avantis.world\\\/?s={search_term_string}\"},\"query-input\":{\"@type\":\"PropertyValueSpecification\",\"valueRequired\":true,\"valueName\":\"search_term_string\"}}],\"inLanguage\":\"fr-FR\"}]}<\/script>\n<!-- \/ Yoast SEO plugin. -->","yoast_head_json":{"title":"Humoristiques \/ D\u00e9cal\u00e9s -","robots":{"index":"index","follow":"follow","max-snippet":"max-snippet:-1","max-image-preview":"max-image-preview:large","max-video-preview":"max-video-preview:-1"},"canonical":"https:\/\/avantis.world\/index.php\/aides-de-jeu\/scenarios-de-la-communaute\/scenarios-humoristiques-decales\/","og_locale":"fr_FR","og_type":"article","og_title":"Humoristiques \/ D\u00e9cal\u00e9s -","og_description":"La Sc\u00e9narioth\u00e8que d&rsquo;Avantis SC\u00c9NARIO Humoristique \/ D\u00e9cal\u00e9 Les h\u00e9ros sont plong\u00e9s dans un sc\u00e9nario d\u00e9cal\u00e9 et humoristique. Un pour tous et tous bourrins Nbre de joueurs : 3 \u00e0 5 | Dur\u00e9e : 2 heures | Avec pr\u00e9-tir\u00e9s inclus | T\u00e9l\u00e9charger le PDF &#8211; T\u00e9l\u00e9charger le Dossier complet Un pour tous et tous bourrin est [&hellip;]","og_url":"https:\/\/avantis.world\/index.php\/aides-de-jeu\/scenarios-de-la-communaute\/scenarios-humoristiques-decales\/","article_modified_time":"2025-12-25T14:21:53+00:00","twitter_card":"summary_large_image","twitter_misc":{"Dur\u00e9e de lecture estim\u00e9e":"1 minute"},"schema":{"@context":"https:\/\/schema.org","@graph":[{"@type":"WebPage","@id":"https:\/\/avantis.world\/index.php\/aides-de-jeu\/scenarios-de-la-communaute\/scenarios-humoristiques-decales\/","url":"https:\/\/avantis.world\/index.php\/aides-de-jeu\/scenarios-de-la-communaute\/scenarios-humoristiques-decales\/","name":"Humoristiques \/ D\u00e9cal\u00e9s -","isPartOf":{"@id":"https:\/\/avantis.world\/#website"},"datePublished":"2025-12-11T12:33:21+00:00","dateModified":"2025-12-25T14:21:53+00:00","breadcrumb":{"@id":"https:\/\/avantis.world\/index.php\/aides-de-jeu\/scenarios-de-la-communaute\/scenarios-humoristiques-decales\/#breadcrumb"},"inLanguage":"fr-FR","potentialAction":[{"@type":"ReadAction","target":["https:\/\/avantis.world\/index.php\/aides-de-jeu\/scenarios-de-la-communaute\/scenarios-humoristiques-decales\/"]}]},{"@type":"BreadcrumbList","@id":"https:\/\/avantis.world\/index.php\/aides-de-jeu\/scenarios-de-la-communaute\/scenarios-humoristiques-decales\/#breadcrumb","itemListElement":[{"@type":"ListItem","position":1,"name":"Accueil","item":"https:\/\/avantis.world\/"},{"@type":"ListItem","position":2,"name":"Aides de jeu","item":"https:\/\/avantis.world\/index.php\/aides-de-jeu\/"},{"@type":"ListItem","position":3,"name":"Sc\u00e9narios de la communaut\u00e9","item":"https:\/\/avantis.world\/index.php\/aides-de-jeu\/scenarios-de-la-communaute\/"},{"@type":"ListItem","position":4,"name":"Humoristiques \/ D\u00e9cal\u00e9s"}]},{"@type":"WebSite","@id":"https:\/\/avantis.world\/#website","url":"https:\/\/avantis.world\/","name":"","description":"","potentialAction":[{"@type":"SearchAction","target":{"@type":"EntryPoint","urlTemplate":"https:\/\/avantis.world\/?s={search_term_string}"},"query-input":{"@type":"PropertyValueSpecification","valueRequired":true,"valueName":"search_term_string"}}],"inLanguage":"fr-FR"}]}},"_links":{"self":[{"href":"https:\/\/avantis.world\/index.php\/wp-json\/wp\/v2\/pages\/2683","targetHints":{"allow":["GET"]}}],"collection":[{"href":"https:\/\/avantis.world\/index.php\/wp-json\/wp\/v2\/pages"}],"about":[{"href":"https:\/\/avantis.world\/index.php\/wp-json\/wp\/v2\/types\/page"}],"author":[{"embeddable":true,"href":"https:\/\/avantis.world\/index.php\/wp-json\/wp\/v2\/users\/1"}],"replies":[{"embeddable":true,"href":"https:\/\/avantis.world\/index.php\/wp-json\/wp\/v2\/comments?post=2683"}],"version-history":[{"count":14,"href":"https:\/\/avantis.world\/index.php\/wp-json\/wp\/v2\/pages\/2683\/revisions"}],"predecessor-version":[{"id":2963,"href":"https:\/\/avantis.world\/index.php\/wp-json\/wp\/v2\/pages\/2683\/revisions\/2963"}],"up":[{"embeddable":true,"href":"https:\/\/avantis.world\/index.php\/wp-json\/wp\/v2\/pages\/91"}],"wp:attachment":[{"href":"https:\/\/avantis.world\/index.php\/wp-json\/wp\/v2\/media?parent=2683"}],"curies":[{"name":"wp","href":"https:\/\/api.w.org\/{rel}","templated":true}]}}